{"id":7,"date":"2014-04-22T21:48:17","date_gmt":"2014-04-22T19:48:17","guid":{"rendered":"http:\/\/www.ommertalhof.de\/?page_id=7"},"modified":"2024-12-29T12:17:29","modified_gmt":"2024-12-29T10:17:29","slug":"offene-gartenpforte","status":"publish","type":"page","link":"http:\/\/www.ommertalhof.de\/?page_id=7","title":{"rendered":"Offene Gartenpforte"},"content":{"rendered":"\n<figure class=\"wp-block-image size-full\"><a href=\"https:\/\/www.ommertalhof.de\/?page_id=134\"><img loading=\"lazy\" decoding=\"async\" width=\"4608\" height=\"3072\" src=\"http:\/\/www.ommertalhof.de\/wp-content\/uploads\/2014\/04\/ommertalhof7.jpg\" alt=\"\" class=\"wp-image-304\"\/><\/a><\/figure>\n\n\n\n<h2 class=\"wp-block-heading\"><strong>Termine der Offenen Gartenpforte 2025:<\/strong><\/h2>\n\n\n\n<h3 class=\"wp-block-heading\">Wegen umfangreicher renovierungsarbeiten im Garten , findet 2025 keine offene Gartenpforte auf dem Ommertalhof statt.<\/h3>\n\n\n\n<h3 class=\"wp-block-heading\"><\/h3>\n\n\n\n<h3 class=\"wp-block-heading\"><\/h3>\n\n\n\n<p>Wir freuen uns Ihnen unser eigenes Gartenparadies zu zeigen. \u00dcberzeugen Sie sich von unserer Arbeit und lassen Sie sich von unseren Ideen inspirieren.<\/p>\n\n\n\n<p>Von April bis Oktober k\u00f6nnen Sie uns Samstags von 11:00-15:00 Uhr besuchen.\u00a0Melden sie sich bitte unbedingt vorher bei uns an, um sicherzugehen, dass Sie jemand empf\u00e4ngt. Am besten per Mail an : ommertalhof@gmx.de <\/p>\n\n\n\n<p>Besichtigungstermine 10.- pro Person<\/p>\n\n\n\n<p><\/p>\n\n\n\n<p>Hier finden Sie <a href=\"https:\/\/www.ommertalhof.de\/?page_id=134\">Fotos vom Ommertalhof<\/a>, die <a href=\"https:\/\/www.ommertalhof.de\/?page_id=139\">Adresse<\/a> und eine <a href=\"https:\/\/www.ommertalhof.de\/?page_id=109\">\u00dcbersicht zum Garten<\/a>. Drucken Sie letztere bitte vor Ihrem Besuch aus oder speichern Sie ihn auf ihrem Handy, da wir nicht garantieren k\u00f6nnen, dass wir gen\u00fcgend Kopien zur Verf\u00fcgung haben.<\/p>\n","protected":false},"excerpt":{"rendered":"<p>Termine der Offenen Gartenpforte 2025: Wegen umfangreicher renovierungsarbeiten im Garten , findet 2025 keine offene Gartenpforte auf dem Ommertalhof statt. Wir freuen uns Ihnen unser eigenes Gartenparadies zu zeigen. \u00dcberzeugen Sie sich von unserer Arbeit und lassen Sie sich von unseren Ideen inspirieren. Von April bis Oktober k\u00f6nnen Sie uns Samstags von 11:00-15:00 Uhr besuchen.\u00a0Melden [&hellip;]<\/p>\n","protected":false},"author":1,"featured_media":0,"parent":0,"menu_order":0,"comment_status":"open","ping_status":"open","template":"","meta":{"_exactmetrics_skip_tracking":false,"_exactmetrics_sitenote_active":false,"_exactmetrics_sitenote_note":"","_exactmetrics_sitenote_category":0,"_monsterinsights_skip_tracking":false,"_monsterinsights_sitenote_active":false,"_monsterinsights_sitenote_note":"","_monsterinsights_sitenote_category":0,"footnotes":""},"class_list":["post-7","page","type-page","status-publish","hentry"],"yoast_head":"<!-- This site is optimized with the Yoast SEO plugin v23.2 - https:\/\/yoast.com\/wordpress\/plugins\/seo\/ -->\n<title>Offene Gartenpforte - Lindlar<\/title>\n<meta name=\"robots\" content=\"index, follow, max-snippet:-1, max-image-preview:large, max-video-preview:-1\" \/>\n<link rel=\"canonical\" href=\"http:\/\/www.ommertalhof.de\/?page_id=7\" \/>\n<meta property=\"og:locale\" content=\"de_DE\" \/>\n<meta property=\"og:type\" content=\"article\" \/>\n<meta property=\"og:title\" content=\"Offene Gartenpforte - Lindlar\" \/>\n<meta property=\"og:description\" content=\"Termine der Offenen Gartenpforte 2025: Wegen umfangreicher renovierungsarbeiten im Garten , findet 2025 keine offene Gartenpforte auf dem Ommertalhof statt. Wir freuen uns Ihnen unser eigenes Gartenparadies zu zeigen. \u00dcberzeugen Sie sich von unserer Arbeit und lassen Sie sich von unseren Ideen inspirieren. Von April bis Oktober k\u00f6nnen Sie uns Samstags von 11:00-15:00 Uhr besuchen.\u00a0Melden [&hellip;]\" \/>\n<meta property=\"og:url\" content=\"http:\/\/www.ommertalhof.de\/?page_id=7\" \/>\n<meta property=\"og:site_name\" content=\"Ommertalhof\" \/>\n<meta property=\"article:modified_time\" content=\"2024-12-29T10:17:29+00:00\" \/>\n<meta property=\"og:image\" content=\"http:\/\/www.ommertalhof.de\/wp-content\/uploads\/2014\/04\/ommertalhof7.jpg\" \/>\n<meta name=\"twitter:label1\" content=\"Gesch\u00e4tzte Lesezeit\" \/>\n\t<meta name=\"twitter:data1\" content=\"1\u00a0Minute\" \/>\n<script type=\"application\/ld+json\" class=\"yoast-schema-graph\">{\"@context\":\"https:\/\/schema.org\",\"@graph\":[{\"@type\":\"WebPage\",\"@id\":\"http:\/\/www.ommertalhof.de\/?page_id=7\",\"url\":\"http:\/\/www.ommertalhof.de\/?page_id=7\",\"name\":\"Offene Gartenpforte - Lindlar\",\"isPartOf\":{\"@id\":\"http:\/\/www.ommertalhof.de\/#website\"},\"primaryImageOfPage\":{\"@id\":\"http:\/\/www.ommertalhof.de\/?page_id=7#primaryimage\"},\"image\":{\"@id\":\"http:\/\/www.ommertalhof.de\/?page_id=7#primaryimage\"},\"thumbnailUrl\":\"http:\/\/www.ommertalhof.de\/wp-content\/uploads\/2014\/04\/ommertalhof7.jpg\",\"datePublished\":\"2014-04-22T19:48:17+00:00\",\"dateModified\":\"2024-12-29T10:17:29+00:00\",\"breadcrumb\":{\"@id\":\"http:\/\/www.ommertalhof.de\/?page_id=7#breadcrumb\"},\"inLanguage\":\"de\",\"potentialAction\":[{\"@type\":\"ReadAction\",\"target\":[\"http:\/\/www.ommertalhof.de\/?page_id=7\"]}]},{\"@type\":\"ImageObject\",\"inLanguage\":\"de\",\"@id\":\"http:\/\/www.ommertalhof.de\/?page_id=7#primaryimage\",\"url\":\"http:\/\/www.ommertalhof.de\/wp-content\/uploads\/2014\/04\/ommertalhof7.jpg\",\"contentUrl\":\"http:\/\/www.ommertalhof.de\/wp-content\/uploads\/2014\/04\/ommertalhof7.jpg\",\"width\":4608,\"height\":3072},{\"@type\":\"BreadcrumbList\",\"@id\":\"http:\/\/www.ommertalhof.de\/?page_id=7#breadcrumb\",\"itemListElement\":[{\"@type\":\"ListItem\",\"position\":1,\"name\":\"Home\",\"item\":\"http:\/\/www.ommertalhof.de\/\"},{\"@type\":\"ListItem\",\"position\":2,\"name\":\"Offene Gartenpforte\"}]},{\"@type\":\"WebSite\",\"@id\":\"http:\/\/www.ommertalhof.de\/#website\",\"url\":\"http:\/\/www.ommertalhof.de\/\",\"name\":\"Ommertalhof\",\"description\":\"Gartenmanufaktur und Landschaftsbau\",\"potentialAction\":[{\"@type\":\"SearchAction\",\"target\":{\"@type\":\"EntryPoint\",\"urlTemplate\":\"http:\/\/www.ommertalhof.de\/?s={search_term_string}\"},\"query-input\":\"required name=search_term_string\"}],\"inLanguage\":\"de\"}]}<\/script>\n<!-- \/ Yoast SEO plugin. -->","yoast_head_json":{"title":"Offene Gartenpforte - Lindlar","robots":{"index":"index","follow":"follow","max-snippet":"max-snippet:-1","max-image-preview":"max-image-preview:large","max-video-preview":"max-video-preview:-1"},"canonical":"http:\/\/www.ommertalhof.de\/?page_id=7","og_locale":"de_DE","og_type":"article","og_title":"Offene Gartenpforte - Lindlar","og_description":"Termine der Offenen Gartenpforte 2025: Wegen umfangreicher renovierungsarbeiten im Garten , findet 2025 keine offene Gartenpforte auf dem Ommertalhof statt. Wir freuen uns Ihnen unser eigenes Gartenparadies zu zeigen. \u00dcberzeugen Sie sich von unserer Arbeit und lassen Sie sich von unseren Ideen inspirieren. Von April bis Oktober k\u00f6nnen Sie uns Samstags von 11:00-15:00 Uhr besuchen.\u00a0Melden [&hellip;]","og_url":"http:\/\/www.ommertalhof.de\/?page_id=7","og_site_name":"Ommertalhof","article_modified_time":"2024-12-29T10:17:29+00:00","og_image":[{"url":"http:\/\/www.ommertalhof.de\/wp-content\/uploads\/2014\/04\/ommertalhof7.jpg"}],"twitter_misc":{"Gesch\u00e4tzte Lesezeit":"1\u00a0Minute"},"schema":{"@context":"https:\/\/schema.org","@graph":[{"@type":"WebPage","@id":"http:\/\/www.ommertalhof.de\/?page_id=7","url":"http:\/\/www.ommertalhof.de\/?page_id=7","name":"Offene Gartenpforte - Lindlar","isPartOf":{"@id":"http:\/\/www.ommertalhof.de\/#website"},"primaryImageOfPage":{"@id":"http:\/\/www.ommertalhof.de\/?page_id=7#primaryimage"},"image":{"@id":"http:\/\/www.ommertalhof.de\/?page_id=7#primaryimage"},"thumbnailUrl":"http:\/\/www.ommertalhof.de\/wp-content\/uploads\/2014\/04\/ommertalhof7.jpg","datePublished":"2014-04-22T19:48:17+00:00","dateModified":"2024-12-29T10:17:29+00:00","breadcrumb":{"@id":"http:\/\/www.ommertalhof.de\/?page_id=7#breadcrumb"},"inLanguage":"de","potentialAction":[{"@type":"ReadAction","target":["http:\/\/www.ommertalhof.de\/?page_id=7"]}]},{"@type":"ImageObject","inLanguage":"de","@id":"http:\/\/www.ommertalhof.de\/?page_id=7#primaryimage","url":"http:\/\/www.ommertalhof.de\/wp-content\/uploads\/2014\/04\/ommertalhof7.jpg","contentUrl":"http:\/\/www.ommertalhof.de\/wp-content\/uploads\/2014\/04\/ommertalhof7.jpg","width":4608,"height":3072},{"@type":"BreadcrumbList","@id":"http:\/\/www.ommertalhof.de\/?page_id=7#breadcrumb","itemListElement":[{"@type":"ListItem","position":1,"name":"Home","item":"http:\/\/www.ommertalhof.de\/"},{"@type":"ListItem","position":2,"name":"Offene Gartenpforte"}]},{"@type":"WebSite","@id":"http:\/\/www.ommertalhof.de\/#website","url":"http:\/\/www.ommertalhof.de\/","name":"Ommertalhof","description":"Gartenmanufaktur und Landschaftsbau","potentialAction":[{"@type":"SearchAction","target":{"@type":"EntryPoint","urlTemplate":"http:\/\/www.ommertalhof.de\/?s={search_term_string}"},"query-input":"required name=search_term_string"}],"inLanguage":"de"}]}},"_links":{"self":[{"href":"http:\/\/www.ommertalhof.de\/index.php?rest_route=\/wp\/v2\/pages\/7"}],"collection":[{"href":"http:\/\/www.ommertalhof.de\/index.php?rest_route=\/wp\/v2\/pages"}],"about":[{"href":"http:\/\/www.ommertalhof.de\/index.php?rest_route=\/wp\/v2\/types\/page"}],"author":[{"embeddable":true,"href":"http:\/\/www.ommertalhof.de\/index.php?rest_route=\/wp\/v2\/users\/1"}],"replies":[{"embeddable":true,"href":"http:\/\/www.ommertalhof.de\/index.php?rest_route=%2Fwp%2Fv2%2Fcomments&post=7"}],"version-history":[{"count":42,"href":"http:\/\/www.ommertalhof.de\/index.php?rest_route=\/wp\/v2\/pages\/7\/revisions"}],"predecessor-version":[{"id":1538,"href":"http:\/\/www.ommertalhof.de\/index.php?rest_route=\/wp\/v2\/pages\/7\/revisions\/1538"}],"wp:attachment":[{"href":"http:\/\/www.ommertalhof.de\/index.php?rest_route=%2Fwp%2Fv2%2Fmedia&parent=7"}],"curies":[{"name":"wp","href":"https:\/\/api.w.org\/{rel}","templated":true}]}}